= 0, -4*m + 0*g = -2*g - x. What is the units digit of (m*5/(-30))/(1/(-3))?
7
Let p(d) = d**2 + 6*d + 286 - 148 - 118. What is the units digit of p(-8)?
6
Let p = -2908 - -10187. What is the thousands digit of p?
7
Let k = -85 + 53. Let u = 307 - k. What is the units digit of u?
9
Suppose -25 = 127*l - 122*l. What is the units digit of 3/l - (-2683)/5?
6
Suppose -2*o - 5*o = 0. Suppose 3*v - t - 762 = t, 4*v - 5*t - 1016 = o. What is the tens digit of v?
5
Let d(s) be the second derivative of s**7/72 + s**6/180 - s**5/12 + 7*s**4/4 + s. Let p(z) be the third derivative of d(z). What is the tens digit of p(2)?
3
Let z(l) = -5*l - 23. Suppose 8 - 13 = y. Let k be z(y). What is the units digit of ((-117)/k)/((-17)/34)?
7
What is the thousands digit of (-4)/(-10)*(-130325)/(-26)*1 - -5?
2
Suppose -4*f - 2*q + 33446 = -68670, -7*f = -3*q - 178716. What is the ten thousands digit of f?
2
Suppose -73*y = 3*y - 33668. What is the units digit of y?
3
What is the tens digit of 6/(-4)*(-115456)/132?
1
Suppose i - 5*i + 5*a - 43 = 0, 5*i - 4*a = -47. What is the tens digit of 1039 + (-3)/21*i?
4
What is the thousands digit of -9 + -6 + 2582 + -4?
2
What is the hundreds digit of 110*(-6)/(-12)*(79 + -8)?
9
Let r = 15408 - 3308. What is the units digit of r?
0
Suppose -26616668 + 7159642 = -398*t. What is the units digit of t?
7
Let h(r) = 3*r - 7. Let g be h(9). Suppose g = 3*m + 2*m. Suppose -142 = m*n - 626. What is the hundreds digit of n?
1
Let c = 273 + -268. Suppose -1947 + 337 = -4*s + b, 3*b - 2004 = -c*s. What is the hundreds digit of s?
4
Let h = 13561 + -4832. What is the hundreds digit of h?
7
Suppose -4*z + 56606 = 2*s, z + 9*s - 13*s - 14129 = 0. What is the ten thousands digit of z?
1
Suppose 0 = -y + n, 4*y = 6*y - n. Suppose y = 6*x - 7746 + 2304. What is the hundreds digit of x?
9
Let j(z) = 110*z**3 - 4*z**2 + 4*z + 2. Suppose q - 1 = -2*b, 3*q - 16 = -5*b + 5*q. What is the tens digit of j(b)?
7
Let m(g) = 394*g + 1998. What is the tens digit of m(27)?
3
Let t(h) = -h**3 - 5*h**2 + 3*h + 6014. What is the tens digit of t(0)?
1
What is the hundreds digit of (-436735)/(-50) - (-42)/140?
7
Suppose 6*k = 7*k - 3. Suppose 0 = k*l + m - 49 + 8, -4*m = -4*l + 28. Let u = l - -16. What is the units digit of u?
8
Let k = 58020 + -18515. What is the units digit of k?
5
Let f(m) = 59*m**2 - 50*m - 32. What is the thousands digit of f(15)?
2
Let o be (-4)/14 + 30/7. Suppose 0*i - 570 = -2*i - o*f, 5*f - 282 = -i. What is the hundreds digit of i?
2
Suppose 5*w - 36 = -21. Suppose w*o - 2*b = 11, 1 = o - b - 3. Suppose -2*p + 452 = o*p - 3*q, -3*p = 5*q - 278. What is the units digit of p?
1
Suppose -2020*p + 2013*p - 17941 = 0. Let f = p + 3644. What is the hundreds digit of f?
0
Let i(m) = -463*m. Let u be i(-8). Let w = -2449 + u. What is the tens digit of w?
5
Suppose -38026 = -24*d + 105998. What is the tens digit of d?
0
Let c be (-99)/66 + 17/2. Suppose -c*k = -13*k + 2490. What is the hundreds digit of k?
4
Suppose 0 = -6*p + p + 9150 + 17195. What is the units digit of p?
9
Let p(k) = 50*k - 211. Let s be p(9). Let l = s + -26. What is the tens digit of l?
1
Suppose -4*o = -2*j + 1732, -5*j - 1043 + 5438 = 3*o. What is the tens digit of j?
7
What is the tens digit of (-38751)/(-18) + 1/6?
5
Let x(b) = 12*b**2 - 71*b + 1257. What is the thousands digit of x(22)?
5
What is the units digit of (-1160558)/(-76) - 12/8?
9
Let n(k) be the third derivative of -1/6*k**3 + 0*k + 1/20*k**5 + 0 - 4*k**2 - 1/24*k**4. What is the units digit of n(1)?
1
Suppose -4*x + 9 = 5*k - 0*x, -4*k + 16 = x. Suppose 0 = -5*f - 2*i - 47, -2*f + k*i = i + 14. Let q = f - -46. What is the tens digit of q?
3
Let d = -1482 - -2182. Suppose -6*k = -4*k - d. Suppose 5*n - k - 520 = 0. What is the hundreds digit of n?
1
Let h(b) = 4349*b + 847. What is the units digit of h(5)?
2
Suppose 3*v - 17163 = -3*q + 888, -3*v + 36114 = 6*q. What is the thousands digit of q?
6
Suppose -9*h - 10*h = 551. Suppose -5*g + 55 = -250. Let i = g - h. What is the tens digit of i?
9
Let t be (-24 - 1)*70/25. Let q = 181 + t. What is the units digit of q?
1
Let i = 26 - 1008. Let k be (8/(-8))/((-1)/1). What is the hundreds digit of k*(-4)/14 - i/7?
1
Let l = -394 + 744. Let b(k) = 60*k + 7216. Let u be b(-119). Suppose -2*s + l = -u. What is the hundreds digit of s?
2
Let z(l) = -2*l**3 - 16*l**2 + 6*l - 29. Let q = 469 + -478. What is the units digit of z(q)?
9
Let i = -5845 + 6805. What is the hundreds digit of i?
9
Suppose z + 2951 = 4*f, -10*f - 2*z = -12*f + 1474. What is the hundreds digit of f?
7
Suppose -11*z + 6504 + 7653 = 0. What is the thousands digit of z?
1
Let l = 155883 + -104737. What is the ten thousands digit of l?
5
Suppose 2*f + d = 3484, 5*f = 8*f - d - 5226. Let m = f - 994. What is the units digit of m?
8
Let o(d) = d**2 - 6*d + 2. Let s be o(6). Suppose -8 = 6*z + 4. What is the tens digit of s*(-1)/(z/146) + 2?
4
Let u = -72 + 94. Suppose o + 2 + 2 = i, -4*i - 40 = 4*o. Let n = o + u. What is the units digit of n?
5
Let p = 2153 + -1134. Suppose -4024 = -6*o + 2*o + 5*u, o + 2*u - p = 0. What is the hundreds digit of o?
0
Let d(v) = -7*v - 306 + 384 - v. What is the tens digit of d(-19)?
3
Let a = -216 + 219. Suppose -v = j - a*j + 573, -5*v - 309 = -j. What is the units digit of j?
4
Suppose -753 = 4*k - 5705. What is the thousands digit of k?
1
Let q = 134 - 141. Let z(s) = s**2 + 3*s + 14. What is the units digit of z(q)?
2
Let h(w) = 1129 - 1158 - 117*w + 31*w. What is the tens digit of h(-6)?
8
Let q(r) = r**2 - 10*r - 25. Let a(t) = 7*t - 18. Let f be a(9). Let o = -28 + f. What is the units digit of q(o)?
4
Let g(w) = 4*w**2 + 3*w - 35. Let l = -2 + 12. Let s be g(l). Let r = s - 207. What is the hundreds digit of r?
1
Let z(c) = -c**3 - 101*c**2 + 121*c - 1240. What is the units digit of z(-104)?
4
Let r = -426 + 5081. What is the units digit of r?
5
Suppose -3*j - j + 2*r + 26 = 0, 10 = 5*j + 2*r. Suppose 4*a = -4*l + 5268, 4669 + 594 = j*l + 3*a. What is the thousands digit of l?
1
Let x(v) = 4*v**3 - 26*v**2 - 11*v - 52. Let c(q) = q**3 - q**2 + q + 1. Let i(j) = 5*c(j) - x(j). What is the hundreds digit of i(-17)?
9
Let f(n) = 7*n**2 + 6*n - 656. What is the tens digit of f(31)?
5
Suppose 20 + 20 = -4*o. What is the units digit of (-4 - -3)*(-905)/o*-2?
1
Let f(l) = -24*l**3 + 7*l**2 + 13*l + 9. Let n(s) = 6*s**2 + 41*s - 9. Let t be n(-7). What is the tens digit of f(t)?
0
Suppose -l - 5*v = -174, -2*l - 3*v = -5*v - 360. Let b = l + -97. Suppose 0 = 4*t - 490 - b. What is the hundreds digit of t?
1
Let l = -53103 - -93028. What is the thousands digit of l?
9
Let r(i) = -5*i + 5*i + 1 + 11 + 2*i. Let t be r(-8). What is the hundreds digit of (-6)/((-30)/1115) + t?
2
Let n = -336 + 340. Suppose -m + 83 = -k + 352, -n*m = -5*k + 1347. What is the hundreds digit of k?
2
Suppose -219080 = -w - 20*w + w. What is the ten thousands digit of w?
1
Let p(a) = -12*a + 1. Let w be p(-1). Let k(z) = -5 - 5*z + 0*z - 13*z**2 + 51*z**2 - 37*z**2. What is the tens digit of k(w)?
9
Suppose 0 = -3*t - 584 + 596. Suppose 0 = 5*h - 5, -y + t*y = -4*h + 2362. What is the tens digit of y?
8
What is the tens digit of (-5)/1 + (-191460)/(320/(-16))?
6
Suppose 12*c = 8*c + 8. Suppose -10 = -5*l, -3*w - 3*l - c + 23 = 0. Suppose 2*m - 512 = -w*h, h + 5*m = -18 + 102. What is the hundreds digit of h?
1
Suppose 2*o + 540 = 7*o. Let n be o/(-15) + 4/(-5). What is the units digit of 4/n - (-845)/10?
4
Suppose 57 = -4*t + 1309. Suppose t = 16*f - 471. What is the tens digit of f?
4
Suppose -22 + 67 = 3*b. Suppose 23*w - 11640 = b*w. What is the tens digit of w?
5
Let o be 8398/78*(-1 + -2). Let t = 110 - o. What is the units digit of t?
3
Let b(f) = -f**3 + 7*f**2 - 9*f + 40. Let l be b(7). Let c(n) = -n**2 - 63*n - 54. What is the hundreds digit of c(l)?
8
Let c(b) = 19*b**2 + 9*b + 22. Let p be (-688)/116 - (-2)/(-29). What is the hundreds digit of c(p)?
6
Let w be 1199/66 - 3/18. Let p = 86 + w. What is the units digit of p?
4
Let y(j) = -6283*j + 12. What is the hundreds digit of y(-1)?
2
Let z(v) = v**3 - 6*v**2 + 6*v. Let t be z(5). Let w(h) = -h**3 + 19*h**2 + 8*h - 10. Let k be w(19). What is the tens digit of k - 0/((t - 3) + -1)?
4
Let p(z) = 36*z**2 - 218*z + 9. What i